
9
Let x(i) = -i**3 + i**2 + 2*i - 1. Let q be x(-2). Let r(g) = -q + 0*g - 2*g + 2*g - g. Calculate r(-9).
2
Let m be 15 + -17 - (-8 - 1). Let t(n) be the third derivative of 1/12*n**4 + 0*n + 18*n**2 - 1/3*n**3 + 0. Give t(m).
12
Let q be -1*2/(-5)*30/(-4). Let v(a) = -22*a + 4. Let m(s) = -7*s + 1. Let g(c) = 7*m(c) - 2*v(c). What is g(q)?
14
Let v(f) = -f**3 - 9*f**2 + 9*f - 14. Let a be v(-10). Suppose 0*g = -2*i + 4*g + 22, 0 = 2*i + 5*g + 14. Let b(o) = -i*o + 2*o**2 + 3*o + 5*o. Determine b(a).
12
Let k(d) = 2*d**2 - 32*d + 13. Let g(m) = 2*m - 4. Let j(i) = 2*g(i) + k(i). What is j(14)?
5
Let z be (((-15)/10)/1)/((6 - 11)/(-10)). Let t(k) = -2 - k - 1 - 2*k. Calculate t(z).
6
Let a(r) = -r**3 + 3*r**2 - r - 2. Suppose -7*l + 13 = -43. Suppose -l = -c - 3*c. Calculate a(c).
0
Let x(z) = -3*z**3 + z**2 + z + 2. Let v be 3*(-35)/42 - (-4)/8. Calculate x(v).
28
Let y(g) = -g**3 - 11*g**2 - 10*g. Let s be y(-10). Suppose -2*m - 5 + 45 = s. Let h = m + -16. Let f(v) = v**3 - 4*v**2. Calculate f(h).
0
Let a(o) be the third derivative of -1/24*o**4 - 9*o**2 + 0 + 0*o + 1/3*o**3. Give a(-5).
7
Let x = -7 - -10. Suppose -x*g = 3*g. Let d(f) = -f**3 + f + 11. Give d(g).
11
Let r(p) = 8 + p - 6 + 12 + 0. Let u be r(-9). Let z(y) = -y**3 + 6*y**2 - 7*y + 1. Determine z(u).
-9
Let o(a) = a + 1. Let v be o(1). Let p(b) = 4*b - 3*b + b**3 + 4*b - 1 + 7*b**v - 5. Let h = 64 - 70. Determine p(h).
0
Let f = 803 - 809. Let q(v) be the second derivative of -v**5/20 - v**4/2 + 2*v**2 + 2*v. Give q(f).
4
Let w(y) = -y - 17. Let h(t) = 2*t - 9. Let u be h(-1). Determine w(u).
-6
Let y(o) be the third derivative of -1/60*o**5 + 0 + 0*o - 14*o**2 + 1/6*o**3 - 1/8*o**4. Suppose 0 = -j + 3 - 6. Determine y(j).
1
Let t(s) be the first derivative of s**7/840 - s**6/60 - s**5/120 + s**4/12 - 8*s**3 - 24. Let h(z) be the third derivative of t(z). Determine h(6).
-4
Let n = -18 + 22. Let m = 0 + 4. Let j(c) = -m - c - 3*c - 1 + 2*c + 5*c**2 - c**3. What is j(n)?
3
Let v(k) be the third derivative of -1/3*k**3 + 1/60*k**5 + 1/8*k**4 + 0 - 8*k**2 + 0*k. Determine v(-4).
2
Suppose -23*m = -73 - 157. Let z(p) = -p**3 + 10*p**2 - 5. Give z(m).
-5
Let c(l) be the third derivative of -l**4/24 + l**3 - 2*l**2. Let d = -7 - -9. Suppose 2*o = 4*r, -o - r = d*o. Give c(o).
6
Suppose -6*o + 4*o + 4 = 0. Let k(q) = -q - 9*q + q**o - 10 + 0*q + 2*q. Give k(9).
-1
Let n(p) = -p + 16. Let g(d) = -2*d + 18. Let t(l) = -6*g(l) + 7*n(l). Determine t(-4).
-16
Let w(h) = h - 6619*h**2 + 0*h + 6626*h**2. Calculate w(-2).
26
Let d(k) be the third derivative of 0*k + 2/3*k**3 + 1/6*k**4 + 1/12*k**5 + 0 - 12*k**2 + 1/120*k**6. Suppose -3*j + 9 = -6*j. Give d(j).
10
Let v(b) be the third derivative of b**4/24 + 5*b**3/3 + 730*b**2. Suppose -2*s + 5*s + 4*m = -17, 6 = -s - m. Determine v(s).
3
Suppose 0 = -3*m + 2*x - 18, -3*m + 1 + 2 = 5*x. Let o(n) be the second derivative of 0 + 3/2*n**2 + 1/3*n**3 - 10*n. Calculate o(m).
-5
Let i be (70 - 67)*(1 + 1). Let d(t) = t**2 - 6*t - 1. Calculate d(i).
-1
Suppose 6*l - 5*l = 38. Let o(j) = 2*j - 1 + 37*j**2 - 3*j - l*j**2. Give o(0).
-1
Let t(s) be the third derivative of -s**5/60 - s**4/6 + 5*s**3/6 - 2*s**2. Suppose -5 + 77 = -12*d. Give t(d).
-7
Suppose 0 = 5*k - 10. Let h(y) = -5*y + 10*y - 3 - k*y. Determine h(3).
6
Let d(n) be the second derivative of -3*n**5/20 + n**4/6 - n**3/6 - 39*n + 5. Let h(b) = -b + 1. Let o be h(-1). Give d(o).
-18
Let c(l) = 2*l + 30. Let g(b) = b**3 + 4*b**2 + b - 3. Let i be g(-3). Let a(r) = r + 10. Let x(t) = i*c(t) - 8*a(t). What is x(8)?
-6
Let y(z) = -2*z**2 - 4*z - 21. Let p(a) = -a**2 - 2*a - 10. Let h(c) = 13*p(c) - 6*y(c). Determine h(-3).
-7
Let b(o) = 2*o**2 + 3*o - 3. Let z be 11/33 - 10/(-6). Suppose t + 0 = z. Give b(t).
11
Let i = 527 - 529. Let z(y) = -y**3 - 5*y**2 - 9*y - 7. Calculate z(i).
-1
Suppose -2 + 141 = 4*f - 3*x, -2*f = 4*x - 42. Suppose p = -4*r + 16, 4*p + f + 5 = 4*r. Let l(z) = z**3 + 0 + 1 + z + 1 + 4*z**2. Give l(p).
-2
Let h(a) = 24*a**3 + 2*a - 8 + 6*a**2 + 23*a**3 - 11*a - 46*a**3. Give h(-6).
46
Let x(v) be the first derivative of -14*v**3 - v + 4. What is x(1)?
-43
Let z(n) = -n**3 + n**2 + 8*n + 7. Let c be z(-2). Let j(u) = -6*u - u - 3 + u**3 - 2*u**2 + 5*u. Determine j(c).
0
Let g(d) = -48*d**2 + 24. Let w(o) = -5*o**2 + 2. Let c(i) = g(i) - 12*w(i). Determine c(1).
12
Let j be (-14)/4*(-3)/(45/(-30)). Let v(t) be the second derivative of -t**4/12 - 7*t**3/6 + 5*t**2/2 + t. Calculate v(j).
5
Let d = 30 + 60. Let n = d - 91. Let f(u) = 12*u. Give f(n).
-12
Let q(f) be the second derivative of f**4/12 - f**3/2 + 5*f**2/2 - 207*f - 1. Give q(4).
9
Let g(l) = -4*l**2 + l - 1. Let n(p) = 6*p**2 + 25*p - 8. Let f(u) = 2*g(u) + n(u). What is f(13)?
3
Suppose -11*j + 26 = 4. Suppose -n - 3*c = -26, 0 = 4*n - 2*c + 6*c - 80. Let d(k) = -4*k - n*k**j - 1 + 26*k**2 + 3*k. Determine d(-1).
9
Let a(q) = -954 - 7*q**2 + q**3 + 0*q - q - 6*q + 952. What is a(8)?
6
Let q(c) = 5*c**3 + 2*c**2 - 3*c + 2. Let t(h) = 11*h**3 + 3*h**2 - 6*h + 5. Let w(s) = 9*q(s) - 4*t(s). Give w(-6).
16
Suppose -4*s + 5*k + 12 = 0, -2*s - 18 = -2*k - 26. Let b(h) = -h**2 + 9*h - 8. Determine b(s).
0
Let r(g) = -4*g**2 + 9*g + 7. Let l(p) = p**2 - 1. Let x(n) = 3*l(n) + r(n). Determine x(10).
-6
Let f(a) = -2*a**3 + 4*a**2 + a + 6. Let x be f(3). Let h(k) = -k**2 - 10*k - 2. Let b(z) = -3*z**2 - 30*z - 7. Let u(o) = -3*b(o) + 8*h(o). Calculate u(x).
-4
Let p(m) = 5*m**2 + 5*m. Let a(o) = 6*o**2 + 6*o. Let n be 7/(21/(-222)) + 2. Let i be n/(-12)*(-2)/(-4). Let f(y) = i*p(y) - 2*a(y). Calculate f(-2).
6
Let c(b) = -78*b**3 + 79*b**3 - 8 + 7 - 16*b**2 - 9 + b. Determine c(16).
6
Let g(q) be the third derivative of q**4/8 + 2*q**3/3 + 23*q**2 + 18*q. Suppose 4*d - 2*d + 12 = 0. Give g(d).
-14
Let y(m) be the first derivative of -m**4/4 - m**3 + 2*m**2 + 4. Calculate y(-4).
0
Let h = 92 - 98. Let c(k) be the second derivative of -k**3/6 - 9*k**2/2 - 2*k. Calculate c(h).
-3
Let y(p) = 8*p + 7. Let x be 756/(-147) - (-1)/7 - -2. Determine y(x).
-17
Let u(h) = -2*h**2 - 2*h - 3. Let y be (39/(-117))/(2/6) + -4. Calculate u(y).
-43
Suppose 548 - 552 = -4*s. Let a(q) = -16*q**3 + q - 1. Calculate a(s).
-16
Let p be -3 - (-19 - (4 + -11)). Let x(g) = -g + 12. Calculate x(p).
3
Let j(r) be the third derivative of r**6/720 - r**5/20 + 11*r**4/24 - 12*r**2. Let k(z) be the second derivative of j(z). What is k(-5)?
-11
Let j(i) = 2*i - 2. Let s = 16 - 11. Let b be j(s). Suppose -b*u + 5*m = -4*u + 17, 4*m - 13 = 3*u. Let q(v) = v**3 + v**2 - 2*v - 2. What is q(u)?
-14
Let y(s) = 26*s. Let i(f) = 5*f**2 + 19*f - 3. Let k(o) = -o**2 - 19*o + 38. Let v be k(-21). Let a be i(v). Determine y(a).
26
Let a = 13 + -11. Suppose d + 2 = -u, 0 = a*d + 4*u - 0 + 8. Let y(o) = o**3 + 2*o + 0*o**3 + 4*o**2 + 4 + 0*o**3 + d*o**3. Determine y(-3).
7
Let j(o) = -11*o + 28*o + o**2 - 12*o - 8*o. Calculate j(3).
0
Let b be ((-1)/(-3))/(11/2079). Let o = b + -57. Let n(q) = q + 2. Give n(o).
8
Let o(i) = -6*i - 33. Let p(s) = -s - 7. Let d(a) = -2*o(a) + 11*p(a). What is d(9)?
-2
Let w(s) = -s + 2. Let b(d) = 5*d - 14. Let v(f) = b(f) + 3*w(f). Give v(2).
-4
Let v(o) be the first derivative of -o**3/3 - 5*o**2/2 + 3*o + 119. Let a be (-11 - 2)/((-2)/4). Suppose -6*s + s - a = -4*r, -5*s + 5*r = 25. Determine v(s).
-3
Let k be (-6 + 0)*(-1)/(-3) + 8. Let w(t) = 0 - 3 + k - 2*t - 1. Calculate w(2).
-2
Let u(w) = -13*w - 1. Let v = -317 + 319. Give u(v).
-27
Let w(o) = -o**2 - o - 8. Let t(z) = 9*z**3 - 3*z**2 + 3*z - 1. Let b be t(1). Suppose -b*a = -5*a. Determine w(a).
-8
Let q = 175 - 173. Let a(k) = -4*k**2 + 4*k - 2. What is a(q)?
-10
Let a(z) = -21*z**2 - 19*z**2 + 64*z**2 - 23*z**2. Suppose 0 = -4*j + 4*p - 12, -2*p + 4*p - 6 = -4*j. Give a(j).
0
Let o be (-3 - 35/(-20))*(0 - 4). Let g(r) = r**2 - 7*r - 2. Determine g(o).
-12
Let b(n) = n**3 - 8*n**2 + 11*n - 2. Let v be b(6). Let h(f) be the third derivative of f**4/24 + 3*f**3/2 - f**2 + 87. What is h(v)?
1
Let o(n) = n**3 - 16*n**2 - 2*n + 38. Let f be o(16). Let y(i) = i**3 - 7*i**2 + 4*i - 8. Give y(f).
-20
Let m(x) be the first derivative of -x**5/20 - x**4/2 - x**3 - 3*x**2/2 - 10*x + 18. Let a(k) be the first derivative of m(k). Determine a(-5).
2
Let o be 5 + -5*(-5 - 174/(